en 19043 is divided by 4760.
3
What is the remainder when 224927 is divided by 112425?
77
What is the remainder when 2542461 is divided by 847485?
6
Calculate the remainder when 7491 is divided by 1424.
371
Calculate the remainder when 6739 is divided by 419.
35
What is the remainder when 8189 is divided by 91?
90
Calculate the remainder when 102581 is divided by 6411.
5
What is the remainder when 2902 is divided by 267?
232
Calculate the remainder when 78465 is divided by 945.
30
What is the remainder when 259614 is divided by 224?
222
Calculate the remainder when 128588 is divided by 333.
50
What is the remainder when 5910 is divided by 957?
168
Calculate the remainder when 9670 is divided by 57.
37
What is the remainder when 1834 is divided by 1163?
671
What is the remainder when 89247 is divided by 983?
777
What is the remainder when 4195 is divided by 2095?
5
Calculate the remainder when 117137 is divided by 330.
317
Calculate the remainder when 5405 is divided by 47.
0
Calculate the remainder when 75485 is divided by 8386.
11
What is the remainder when 45258 is divided by 368?
362
Calculate the remainder when 30044 is divided by 30022.
22
What is the remainder when 81314 is divided by 40636?
42
Calculate the remainder when 65116 is divided by 592.
588
What is the remainder when 1742 is divided by 760?
222
Calculate the remainder when 1580 is divided by 240.
140
Calculate the remainder when 27831 is divided by 47.
7
What is the remainder when 17815 is divided by 263?
194
Calculate the remainder when 17222 is divided by 464.
54
What is the remainder when 6452 is divided by 167?
106
What is the remainder when 8097 is divided by 368?
1
What is the remainder when 2722 is divided by 663?
70
Calculate the remainder when 44374 is divided by 23.
7
Calculate the remainder when 13779 is divided by 128.
83
What is the remainder when 14443 is divided by 3539?
287
What is the remainder when 302 is divided by 207?
95
What is the remainder when 146150 is divided by 1008?
998
What is the remainder when 2265274 is divided by 676?
674
What is the remainder when 14972 is divided by 34?
12
Calculate the remainder when 66665 is divided by 1422.
1253
Calculate the remainder when 64436 is divided by 64422.
14
Calculate the remainder when 154415 is divided by 297.
272
What is the remainder when 112088 is divided by 14011?
0
What is the remainder when 1926 is divided by 378?
36
What is the remainder when 51387 is divided by 298?
131
Calculate the remainder when 7640 is divided by 255.
245
Calculate the remainder when 2657 is divided by 212.
113
Calculate the remainder when 11150 is divided by 192.
14
Calculate the remainder when 1681 is divided by 449.
334
What is the remainder when 178236 is divided by 137?
136
What is the remainder when 7944 is divided by 53?
47
Calculate the remainder when 7461 is divided by 6828.
633
What is the remainder when 10530 is divided by 99?
36
Calculate the remainder when 16709 is divided by 8347.
15
Calculate the remainder when 116639 is divided by 54.
53
What is the remainder when 2666 is divided by 1684?
982
Calculate the remainder when 29322 is divided by 689.
384
Calculate the remainder when 7673 is divided by 1095.
8
Calculate the remainder when 17096 is divided by 172.
68
Calculate the remainder when 336393 is divided by 74.
63
What is the remainder when 118798 is divided by 200?
198
Calculate the remainder when 37439 is divided by 2878.
25
What is the remainder when 76341 is divided by 367?
5
What is the remainder when 46254 is divided by 46248?
6
What is the remainder when 1851 is divided by 611?
18
Calculate the remainder when 255475 is divided by 919.
912
Calculate the remainder when 5586 is divided by 310.
6
What is the remainder when 2994 is divided by 745?
14
Calculate the remainder when 6573 is divided by 29.
19
What is the remainder when 72862 is divided by 98?
48
Calculate the remainder when 5161 is divided by 172.
1
Calculate the remainder when 1088 is divided by 182.
178
Calculate the remainder when 1266 is divided by 254.
250
What is the remainder when 30513 is divided by 6?
3
What is the remainder when 2570 is divided by 843?
41
What is the remainder when 562333 is divided by 15?
13
What is the remainder when 3154 is divided by 280?
74
What is the remainder when 2756 is divided by 28?
12
Calculate the remainder when 206503 is divided by 52.
11
Calculate the remainder when 28467 is divided by 73.
70
Calculate the remainder when 2158 is divided by 141.
43
What is the remainder when 179116 is divided by 963?
961
What is the remainder when 50399 is divided by 319?
316
What is the remainder when 195691 is divided by 2477?
8
What is the remainder when 16595 is divided by 721?
12
Calculate the remainder when 2615 is divided by 405.
185
What is the remainder when 17139 is divided by 126?
3
What is the remainder when 76311 is divided by 38155?
1
Calculate the remainder when 14675 is divided by 388.
319
What is the remainder when 957209 is divided by 66?
11
Calculate the remainder when 1274 is divided by 59.
35
What is the remainder when 83252 is divided by 3082?
38
Calculate the remainder when 5272 is divided by 236.
80
What is the remainder when 17988 is divided by 43?
14
What is the remainder when 3409174 is divided by 55?
54
Calculate the remainder when 1859 is divided by 1315.
544
What is the remainder when 20783 is divided by 267?
224
What is the remainder when 26462 is divided by 22?
18
What is the remainder when 2827 is divided by 27?
19
What is the remainder when 384955 is divided by 9?
7
Calculate the remainder when 12941 is divided by 34.
21
Calculate the remainder when 2245 is divided by 838.
569
Calculate the remainder when 1363 is divided by 124.
123
What is the remainder when 308304 is divided by 102763?
15
Calculate the remainder when 28026 is divided by 39.
24
Calculate the remainder when 12321 is divided by 5972.
377
What is the remainder when 20239 is divided by 1554?
37
Calculate the remainder when 54408 is divided by 27200.
8
Calculate the remainder when 209 is divided by 11.
0
What is the remainder when 6261 is divided by 1510?
221
What is the remainder when 768925 is divided by 256302?
19
Calculate the remainder when 191556 is divided by 142.
140
Calculate the remainder when 5793 is divided by 50.
43
Calculate the remainder when 3427 is divided by 144.
115
What is the remainder when 337349 is divided by 650?
649
What is the remainder when 6523 is divided by 46?
37
Calculate the remainder when 8039 is divided by 3034.
1971
Calculate the remainder when 7549 is divided by 578.
35
What is the remainder when 2659528 is divided by 265?
253
Calculate the remainder when 458624 is divided by 78.
62
Calculate the remainder when 10708 is divided by 1186.
34
What is the remainder when 82908 is divided by 107?
90
What is the remainder when 1986 is divided by 67?
43
What is the remainder when 210344 is divided by 46?
32
Calculate the remainder when 29310 is divided by 21.
15
What is the remainder when 25618 is divided by 2134?
10
What is the remainder when 3099 is divided by 157?
116
What is the remainder when 799042 is divided by 99880?
2
Calculate the remainder when 128118 is divided by 21.
18
What is the remainder when 457341 is divided by 969?
942
What is the remainder when 617399 is divided by 245?
244
Calculate the remainder when 3851 is divided by 44.
23
Calculate the remainder when 39196 is divided by 13051.
43
Calculate the remainder when 5072 is divided by 360.
32
Calculate the remainder when 209386 is divided by 52.
34
What is the remainder when 302726 is divided by 479?
477
What is the remainder when 13174 is divided by 6573?
28
Calculate the remainder when 9812 is divided by 2396.
228
Calculate the remainder when 4070711 is divided by 452.
451
What is the remainder when 26470 is divided by 551?
22
Calculate the remainder when 5500 is divided by 64.
60
Calculate the remainder when 6150 is divided by 22.
12
Calculate the remainder when 32765 is divided by 486.
203
Calculate the remainder when 752 is divided by 689.
63
What is the remainder when 115053 is divided by 5478?
15
What is the remainder when 683682 is divided by 122?
116
What is the remainder when 26687 is divided by 24?
23
What is the re